 -4 - (-6 - -8 - (7 + -3))
8
What is the value of 10 - (40 + -23) - 12?
-19
What is 1 - (2 + -1 + (-10 - -12))?
-2
What is the value of (-161 - -162) + -1 + 7?
7
(2 - (5 + 14)) + (0 - -14)
-3
Calculate -52 + 33 - (-1 - 8).
-10
Calculate 8 - ((-2 - 4) + 63 + -45).
-4
What is -29 + 39 + 50 + -18 + 0 + -7?
35
What is the value of (-3 - -2) + (1 - (-9 - -15 - 5))?
-1
What is 1 - (-3 + 15 + (-13 - -1))?
1
-7 + (16 - 6) - 25
-22
What is the value of (0 - -3) + (-82 - (-31 + -41))?
-7
What is 1 + 16 - (-362 + 385)?
-6
What is the value of 2 + -29 + 34 - 33?
-26
What is the value of (-10 - 24) + (59 - -2)?
27
What is the value of 283 + -286 - (1 + 18)?
-22
What is the value of 3 + (-4 + 2 - -3) + 0?
4
Evaluate -12 + 0 + 1 + (7 - 4 - -1).
-7
What is 22 + (-5 - -3) + -33?
-13
What is the value of (-4 - -9) + 8 + (0 + -10 - -20)?
23
What is the value of 10 - -18 - (26 - 17)?
19
Calculate (10 - (-6 + -2)) + -32.
-14
Calculate -6 + 14 - (1 - -1 - 9).
15
Calculate -4 + (-75 - -86) + -3 + -1 - -2.
5
Calculate 15 + (-4 - 10) + (3 - 1).
3
Calculate (6 - 27) + 7 - (-2 + 7 - 5).
-14
-4 + -5 + (1 - (5 + 0)) + -3
-16
What is (-14 - (-22 - -20)) + -2?
-14
What is the value of (0 - -10) + (8 + -10 - 2) + -15?
-9
-23 + ((28 - 11) + -4 - (3 - -1))
-14
(-2 - -48) + -12 + -17 + 12
29
What is 8 + -2 + (-15 + 20 - 11)?
0
22 + -14 + -11 + 14
11
45 + -45 - (4 - 11)
7
Calculate -1 - 16 - 1 - (1 + -13 + 3).
-9
Evaluate (15 - 2) + (-5 - (12 + 18)).
-22
What is -38 - ((6 - 0) + (26 - (31 + 6)))?
-33
What is 6 + 0 + (-30 - (-72 - -43))?
5
What is -7 - (0 + (2 - 15) + (29 - 32))?
9
-98 - -75 - (-11 - 0) - -3
-9
What is 8 + 1 + (61 - 74)?
-4
-34 + (-8 - -69) + -37
-10
-22 + (9 - ((7 - (2 - -6)) + 9))
-21
What is the value of -27 - (1 + -14 - (0 + -4))?
-18
Calculate -7 + (4 - 0) + -4 + (2 - 5).
-10
Evaluate -18 - (-11 + 24 - 4).
-27
Calculate 26 + -14 - (2 - -33) - -15.
-8
(166 - 174) + (10 - 1)
1
Evaluate 11 + 5 + (78 - 86).
8
What is the value of -10 - (-51 + 33) - -3?
11
What is the value of (0 - -1 - -2) + (-13 - (36 - 76))?
30
What is the value of -18 + 2 + 13 + (47 - 47)?
-3
What is 7 - 1 - (-2 + 6 - -7)?
-5
-17 - (-19 + 7 + 4)
-9
Evaluate (-16 - -18) + 13 + -11.
4
3 - ((-3 - -4) + -5) - 20
-13
Calculate 1 + 21 - ((-3 - -9) + 3).
13
-22 + 25 + -2 + 3 - -13
17
What is the value of -5 + (-4 - 1) + 5 - -6?
1
What is the value of -40 + 127 + -107 + (6 - (1 - 1))?
-14
What is the value of -8 - (11 - (-3 - -10) - -2)?
-14
What is (-3 - (13 - 9)) + 1 - (1 - 1)?
-6
What is 30 + -24 + -8 + (1 - -13)?
12
What is (2 - -17) + (-9 - -11 - 7) + 5?
19
What is -23 - (-35 + (-6 - -34))?
-16
What is -10 + -4 + (1 - -30) + -16?
1
What is the value of (21 - 10) + (-13 - -2 - -8)?
8
Evaluate -13 + 35 + -17 - 8.
-3
3 - -13 - (53 + -27 - -11)
-21
Calculate 7 + -2 + (8 - 5) + 4.
12
-26 + 4 + -2 + (-1 - -10) - -7
-8
What is the value of (1 - 6) + (11 + 5 - 5) - 24?
-18
What is the value of -13 - (-17 + 0 + 9)?
-5
Calculate (11 - 8) + -5 - 10 - -10 - -1.
-1
-7 + (-3 - -13) + 6 + -12 - 7
-10
(-9 - (1 + -2)) + -27 + 11
-24
(-6 - (-8 + 3)) + -14 + (-6 - -2)
-19
What is -1213 + 1184 + 0 + 30?
1
(-104 + 53 - -50) + (-1 + 7 - -2)
7
What is (9 + 8 - 51) + 23?
-11
What is (-6 + 4 - 2 - 1) + 8 + -3?
0
Evaluate -395 - -380 - (1 - 28).
12
What is the value of -2 + 0 - (81 + -82)?
-1
What is the value of (2 - (-16 - -17 - -4)) + (0 - 4)?
-7
What is the value of (34 - (26 + -18)) + -64?
-38
Calculate 2 + 1 + (-16 - -16) + -9.
-6
Evaluate 1 - (9 + (-57 - -20)).
29
Calculate 16 + -7 + (16 - -4) - (11 - 3).
21
Calculate -8 + 13 + -2 + -15.
-12
What is -213 - -221 - (0 - (1 - 19))?
-10
Calculate -7 + (-10 - -12) + (4 - -1 - 18).
-18
Calculate 8 - (-13 + 2) - 16.
3
What is 10 - 0 - (34 + (29 - 51))?
-2
Evaluate (-26 - -5) + (61 - 51).
-11
What is -15 + 0 + 74 + -74?
-15
Evaluate 4 - (24 - -21 - 11).
-30
What is the value of -32 - (-18 - 20 - 15)?
21
What is -15 + 20 + -11 + 11 - -5?
10
What is -2 + (15 - (0 + 28))?
-15
83 + -101 + (-1 - (-8 + 2)) - -1
-12
What is the value of (1 + -9 - (-1 - 21)) + 6?
20
What is the value of (2 - (3 + 0) - -1) + -23?
-23
What is the value of 2 - -3 - (-6 + -2 + 29 + -3)?
-13
Calculate 4 + 1 + 4 - (-6 - -3) - -5.
17
25 + -16 + -16 + 22
15
Evaluate 8 + (6 + -7 + 15 - 10).
12
Calculate (6 + -6 - 4 - 0 - -7) + -6.
-3
Calculate (-8 - -3) + 427 + -385.
37
What is the value of 12 + -1 + -19 + (2 - -12) + -2?
4
What is the value of 17 + -17 + -7 + (8 - 27)?
-26
0 - 0 - (-100 + 121 - (5 - 2))
-18
Calculate -11 + 34 + (-15 - -7).
15
-6 - (12 + -10 + -8)
0
What is the value of 34 + (-8 - -18 - 18) - 19?
7
-517 + 489 - (-5 + 1)
-24
What is the value of -25 - (0 - 23) - (-1 - -6)?
-7
Calculate 266 + -273 - (-9 + 2).
0
Evaluate 1 + -5 + 3 + 10 - 7.
2
(-37 - -13 - -20) + -12
-16
What is 0 - (-7 - -6) - -9 - 33?
-23
Evaluate 14 - -28 - (16 - (-14 + 13)).
25
What is -802 - -799 - ((-9 - 2) + -2)?
10
Evaluate -6 + -1 + 10 + -13 + 16.
6
What is the value of 11 + 36 + -32 + 8?
23
Calculate 1 - (12 - (0 - 3 - (1 + -4))).
-11
-3 + 2 - (-59 + 54)
4
What is 8 - (10 + (8 - -1))?
-11
-6 - ((55 - 27) + -22)
-12
Calculate 37 + -19 + (12 - 3) + 9.
36
Evaluate (10 + 1 - 3) + -50 + 53.
11
4 + (-2 - (17 - -18)) - -12
-21
Evaluate -39 + 33 + -2 - ((1 - 16) + 0).
7
Calculate 13 + 0 + 6 + -29 + 22.
12
What is the value of (184 - 168) + 2 + -30?
-12
Evaluate 0 - (1 + 2 + (9 - (-7 + 20))).
1
22 - ((-12 - -4) + 8) - (1 + 2)
19
What is the value of (-1 - -40) + (5 - (-13 + 29))?
28
What is the value of (-8 + (6 - 4) - (22 - 39)) + 2?
13
What is the value of -14 + 11 + -19 + 27?
5
What is (7 - (0 + 7) - -2 - 6) + 2?
-2
Evaluate 4 + 10 - -3 - ((3 - 3) + 6).
11
What is the value of 8 - ((9 - (8 - 8) - 4) + 19)?
-16
0 + -19 + 8 - -5
-6
Calculate (-10 + 1 - (-6 + (7 - 4))) + 15.
9
-2 + -2 + -5 + -2 + -2 + 0
-13
What is -76 + 9 + -1 + 27?
-41
Evaluate 20 - 24 - (-8 - (-43 - -11)).
-28
Calculate (3 - 13 - (-37 - -54)) + -5.
-32
What is 50 - (-76 + 128) - (0 + 17)?
-19
What is the value of (-2 - 1) + 23 - 12?
8
3 + -4 + (-6 - -4) + 1 + -9
-11
Evaluate -7 + (8 - (7 + -15)) - 1.
8
What is the value of -16 + -2 - (5 - (-1 + -21 + 22))?
-23
What is the value of 2 + (8 - (-1 + 2 + 8))?
1
What is the value of -3 - -1 - (-13 - -9 - (4 + -3))?
3
10 + (0 - (14 + (-6 - 2)))
4
Calculate -9 + 13 + (6 - 2) + -13.
-5
5 + (-24 + 9 - -28) + -5
13
What is -2 + 11 + (-3 - ((9 - 18) + -13))?
28
What is the value of (7 - 17 - -15) + -16 + (-3 - 0)?
-14
What is -1 - 17 - (-411 - -405)?
-12
Evaluate -30 - (4 + 32 + -41 - (0 + -2)).
-27
Evaluate -14 - (34 + -60 + -16).
28
What is (-22 - -22) + (1 + -5 - -26)?
22
What is 9 + -5 + -20 + 9 - -17?
10
5 + -1 + -2 - (-41 - -36)
7
Calculate 7 + (5 - 6 - -2 - -3) - 7.
4
What is (7 - 2) + -17 + 10?
-2
Calculate 29 - ((19 - 17) + 7).
20
Evaluate -28 - (38 + -78) - (1 + 9).
2
Evaluate -71 + (15 - -16) + 19.
-21
What is the value of 36 + -15 + -14 + (2 - 0)?
9
Calculate -9 + (22 - 11) - (-8 - -2 - 2).
10
What is 2 - (-12 + 6 - (4 + -8))?
4
Calculate (1 - 3 - (17 - 24)) + (4 - 3).
6
What is the value of 2 - 10 - (0 - -2) - (-143 + 141)?
-8
What is -4 + 0 - (28 - 31)?
-1
Evaluate (-2 - 2) + (2 - 7) + 4 + -2.
-7
What is -9 + 24 - (118 + -110)?
7
-16 - (-14 - 8) - -15
21
What is the value of (-2 - 19) + 16 + -4?
-9
(1 + 17 - 35) + 8
-9
Calculate (-7 + 4 - -1) + (-14 - (-35 + 15)).
4
What is the value of (10 - -2) + (-29 - -33)?
16
Evaluate -3 - 1 - (-15 + 12 - (-2 + -1)).
-4
Calculate 19 + -13 - (-2 + 10).
-2
Evaluate (-9 - (0 + 5 - 40)) + -9.
17
What is the value of 20 + (22 - -2) + -36?
8
What is the value of 1 + 7 + (17 + -9 - -2) + -33?
-15
What is -4 + (-4 - -10 - 3) - -11 - 4?
6
Calculate -2 + -8 + -3 + 4 - -9.
0
What is the value of -175 + 202 + -2 + -15 + 3?
13
Calculate 11 + 61 + -52 + 2 + -12.
10
What is (1 - -1) + (-60 - -31) + 25?
-2
Evaluate (552 - 541) + (-1 + -1 - 2).
7
What is (34 - -15 - 27) + -40?
-18
Calculate 5 - 12 - ((-7 - (22 - 3)) + 5).
14
Evaluate -4 + (-1 - -8) + -17 + 17.
3
What is the value of (-14 - -1) + 1 - (1 + -4 - -3)?
-12
What is the value of 14 + -8 - (-7 + 19)?
-6
Calculate -2 + 17 + -14 + (1 - -26).
28
Evaluate 17 - 37 - -43 - 11.
12
Evaluate -3 + 3 + (-2 - 4) - -3.
-3
Calculate -25 + 26 - (3 - (3 - -5)).
6
What is the value of -9 + 3 + -1 + 0 + 4 - 3?
-6
What is -1 - 36 - (-2